{"id":1435,"date":"2025-01-27T14:55:18","date_gmt":"2025-01-27T13:55:18","guid":{"rendered":"https:\/\/saunaboat-geneve.ch\/faq-items\/ma-reservation-a-t-elle-lieu-par-tous-les-temps\/"},"modified":"2025-01-27T14:55:18","modified_gmt":"2025-01-27T13:55:18","slug":"ma-reservation-a-t-elle-lieu-par-tous-les-temps","status":"publish","type":"avada_faq","link":"https:\/\/saunaboat-geneve.ch\/fr\/faq-items\/ma-reservation-a-t-elle-lieu-par-tous-les-temps\/","title":{"rendered":"Ma r\u00e9servation a-t-elle lieu par tous les temps ?"},"content":{"rendered":"<p><strong>En principe, oui.<\/strong> Si l&rsquo;avis de temp\u00eate est activ\u00e9, nous ne pouvons pas faire partir les bateaux pour des raisons de s\u00e9curit\u00e9. Si c&rsquo;est le cas, les possibilit\u00e9s suivantes s&rsquo;offrent \u00e0 vous : <\/p>\n<ul>\n<li>Sauna sur le bateau \u00e0 notre ponton (sans sortie) &#8211; r\u00e9duction de 30% du montant de la r\u00e9servation.<\/li>\n<li>Reporter gratuitement la r\u00e9servation \u00e0 une nouvelle date.<\/li>\n<li>Annuler la r\u00e9servation, des frais d&rsquo;annulation minimaux de 30.00 CHF seront alors factur\u00e9s.<\/li>\n<\/ul>\n","protected":false},"excerpt":{"rendered":"<p>En principe, oui. Si l&rsquo;avis de temp\u00eate est activ\u00e9, nous ne pouvons pas faire partir les bateaux pour des raisons de s\u00e9curit\u00e9. Si c&rsquo;est le cas, les possibilit\u00e9s suivantes s&rsquo;offrent \u00e0 vous : Sauna sur le bateau \u00e0 notre ponton (sans sortie) &#8211; r\u00e9duction de 30% du montant de la <a href=\"https:\/\/saunaboat-geneve.ch\/fr\/faq-items\/ma-reservation-a-t-elle-lieu-par-tous-les-temps\/\"> [&#8230;]<\/a><\/p>\n","protected":false},"author":2,"featured_media":0,"menu_order":0,"template":"","format":"standard","meta":{"_acf_changed":false,"footnotes":""},"faq_category":[90],"class_list":["post-1435","avada_faq","type-avada_faq","status-publish","format-standard","hentry","faq_category-meteo"],"acf":[],"yoast_head":"<!-- This site is optimized with the Yoast SEO plugin v27.4 - https:\/\/yoast.com\/product\/yoast-seo-wordpress\/ -->\n<title>Ma r\u00e9servation a-t-elle lieu par tous les temps ? - Saunaboats Geneve<\/title>\n<meta name=\"robots\" content=\"index, follow, max-snippet:-1, max-image-preview:large, max-video-preview:-1\" \/>\n<link rel=\"canonical\" href=\"https:\/\/saunaboat-geneve.ch\/fr\/faq-items\/ma-reservation-a-t-elle-lieu-par-tous-les-temps\/\" \/>\n<meta property=\"og:locale\" content=\"fr_FR\" \/>\n<meta property=\"og:type\" content=\"article\" \/>\n<meta property=\"og:title\" content=\"Ma r\u00e9servation a-t-elle lieu par tous les temps ? - Saunaboats Geneve\" \/>\n<meta property=\"og:description\" content=\"En principe, oui. Si l&rsquo;avis de temp\u00eate est activ\u00e9, nous ne pouvons pas faire partir les bateaux pour des raisons de s\u00e9curit\u00e9. Si c&rsquo;est le cas, les possibilit\u00e9s suivantes s&rsquo;offrent \u00e0 vous : Sauna sur le bateau \u00e0 notre ponton (sans sortie) &#8211; r\u00e9duction de 30% du montant de la [...]\" \/>\n<meta property=\"og:url\" content=\"https:\/\/saunaboat-geneve.ch\/fr\/faq-items\/ma-reservation-a-t-elle-lieu-par-tous-les-temps\/\" \/>\n<meta property=\"og:site_name\" content=\"Saunaboats Geneve\" \/>\n<meta name=\"twitter:card\" content=\"summary_large_image\" \/>\n<script type=\"application\/ld+json\" class=\"yoast-schema-graph\">{\"@context\":\"https:\\\/\\\/schema.org\",\"@graph\":[{\"@type\":\"WebPage\",\"@id\":\"https:\\\/\\\/saunaboat-geneve.ch\\\/fr\\\/faq-items\\\/ma-reservation-a-t-elle-lieu-par-tous-les-temps\\\/\",\"url\":\"https:\\\/\\\/saunaboat-geneve.ch\\\/fr\\\/faq-items\\\/ma-reservation-a-t-elle-lieu-par-tous-les-temps\\\/\",\"name\":\"Ma r\u00e9servation a-t-elle lieu par tous les temps ? - Saunaboats Geneve\",\"isPartOf\":{\"@id\":\"https:\\\/\\\/saunaboat-geneve.ch\\\/fr\\\/#website\"},\"datePublished\":\"2025-01-27T13:55:18+00:00\",\"breadcrumb\":{\"@id\":\"https:\\\/\\\/saunaboat-geneve.ch\\\/fr\\\/faq-items\\\/ma-reservation-a-t-elle-lieu-par-tous-les-temps\\\/#breadcrumb\"},\"inLanguage\":\"fr-FR\",\"potentialAction\":[{\"@type\":\"ReadAction\",\"target\":[\"https:\\\/\\\/saunaboat-geneve.ch\\\/fr\\\/faq-items\\\/ma-reservation-a-t-elle-lieu-par-tous-les-temps\\\/\"]}]},{\"@type\":\"BreadcrumbList\",\"@id\":\"https:\\\/\\\/saunaboat-geneve.ch\\\/fr\\\/faq-items\\\/ma-reservation-a-t-elle-lieu-par-tous-les-temps\\\/#breadcrumb\",\"itemListElement\":[{\"@type\":\"ListItem\",\"position\":1,\"name\":\"Startseite\",\"item\":\"https:\\\/\\\/saunaboat-geneve.ch\\\/fr\\\/reserver\\\/\"},{\"@type\":\"ListItem\",\"position\":2,\"name\":\"F.A.Q.\",\"item\":\"https:\\\/\\\/saunaboat-geneve.ch\\\/fr\\\/faq-items\\\/\"},{\"@type\":\"ListItem\",\"position\":3,\"name\":\"Ma r\u00e9servation a-t-elle lieu par tous les temps ?\"}]},{\"@type\":\"WebSite\",\"@id\":\"https:\\\/\\\/saunaboat-geneve.ch\\\/fr\\\/#website\",\"url\":\"https:\\\/\\\/saunaboat-geneve.ch\\\/fr\\\/\",\"name\":\"Saunaboat Geneve\",\"description\":\"Bateau sauna sur le lac de Gen\u00e8ve\",\"publisher\":{\"@id\":\"https:\\\/\\\/saunaboat-geneve.ch\\\/fr\\\/#organization\"},\"potentialAction\":[{\"@type\":\"SearchAction\",\"target\":{\"@type\":\"EntryPoint\",\"urlTemplate\":\"https:\\\/\\\/saunaboat-geneve.ch\\\/fr\\\/?s={search_term_string}\"},\"query-input\":{\"@type\":\"PropertyValueSpecification\",\"valueRequired\":true,\"valueName\":\"search_term_string\"}}],\"inLanguage\":\"fr-FR\"},{\"@type\":\"Organization\",\"@id\":\"https:\\\/\\\/saunaboat-geneve.ch\\\/fr\\\/#organization\",\"name\":\"Saunaboat Geneve\",\"url\":\"https:\\\/\\\/saunaboat-geneve.ch\\\/fr\\\/\",\"logo\":{\"@type\":\"ImageObject\",\"inLanguage\":\"fr-FR\",\"@id\":\"https:\\\/\\\/saunaboat-geneve.ch\\\/fr\\\/#\\\/schema\\\/logo\\\/image\\\/\",\"url\":\"https:\\\/\\\/saunaboat-geneve.ch\\\/wp-content\\\/uploads\\\/sites\\\/4\\\/2025\\\/10\\\/SaunaBoatGeneve-Logo-Blue.svg\",\"contentUrl\":\"https:\\\/\\\/saunaboat-geneve.ch\\\/wp-content\\\/uploads\\\/sites\\\/4\\\/2025\\\/10\\\/SaunaBoatGeneve-Logo-Blue.svg\",\"width\":341,\"height\":305,\"caption\":\"Saunaboat Geneve\"},\"image\":{\"@id\":\"https:\\\/\\\/saunaboat-geneve.ch\\\/fr\\\/#\\\/schema\\\/logo\\\/image\\\/\"},\"sameAs\":[\"https:\\\/\\\/www.instagram.com\\\/saunaboatgeneve\\\/\"]}]}<\/script>\n<!-- \/ Yoast SEO plugin. -->","yoast_head_json":{"title":"Ma r\u00e9servation a-t-elle lieu par tous les temps ? - Saunaboats Geneve","robots":{"index":"index","follow":"follow","max-snippet":"max-snippet:-1","max-image-preview":"max-image-preview:large","max-video-preview":"max-video-preview:-1"},"canonical":"https:\/\/saunaboat-geneve.ch\/fr\/faq-items\/ma-reservation-a-t-elle-lieu-par-tous-les-temps\/","og_locale":"fr_FR","og_type":"article","og_title":"Ma r\u00e9servation a-t-elle lieu par tous les temps ? - Saunaboats Geneve","og_description":"En principe, oui. Si l&rsquo;avis de temp\u00eate est activ\u00e9, nous ne pouvons pas faire partir les bateaux pour des raisons de s\u00e9curit\u00e9. Si c&rsquo;est le cas, les possibilit\u00e9s suivantes s&rsquo;offrent \u00e0 vous : Sauna sur le bateau \u00e0 notre ponton (sans sortie) &#8211; r\u00e9duction de 30% du montant de la [...]","og_url":"https:\/\/saunaboat-geneve.ch\/fr\/faq-items\/ma-reservation-a-t-elle-lieu-par-tous-les-temps\/","og_site_name":"Saunaboats Geneve","twitter_card":"summary_large_image","schema":{"@context":"https:\/\/schema.org","@graph":[{"@type":"WebPage","@id":"https:\/\/saunaboat-geneve.ch\/fr\/faq-items\/ma-reservation-a-t-elle-lieu-par-tous-les-temps\/","url":"https:\/\/saunaboat-geneve.ch\/fr\/faq-items\/ma-reservation-a-t-elle-lieu-par-tous-les-temps\/","name":"Ma r\u00e9servation a-t-elle lieu par tous les temps ? - Saunaboats Geneve","isPartOf":{"@id":"https:\/\/saunaboat-geneve.ch\/fr\/#website"},"datePublished":"2025-01-27T13:55:18+00:00","breadcrumb":{"@id":"https:\/\/saunaboat-geneve.ch\/fr\/faq-items\/ma-reservation-a-t-elle-lieu-par-tous-les-temps\/#breadcrumb"},"inLanguage":"fr-FR","potentialAction":[{"@type":"ReadAction","target":["https:\/\/saunaboat-geneve.ch\/fr\/faq-items\/ma-reservation-a-t-elle-lieu-par-tous-les-temps\/"]}]},{"@type":"BreadcrumbList","@id":"https:\/\/saunaboat-geneve.ch\/fr\/faq-items\/ma-reservation-a-t-elle-lieu-par-tous-les-temps\/#breadcrumb","itemListElement":[{"@type":"ListItem","position":1,"name":"Startseite","item":"https:\/\/saunaboat-geneve.ch\/fr\/reserver\/"},{"@type":"ListItem","position":2,"name":"F.A.Q.","item":"https:\/\/saunaboat-geneve.ch\/fr\/faq-items\/"},{"@type":"ListItem","position":3,"name":"Ma r\u00e9servation a-t-elle lieu par tous les temps ?"}]},{"@type":"WebSite","@id":"https:\/\/saunaboat-geneve.ch\/fr\/#website","url":"https:\/\/saunaboat-geneve.ch\/fr\/","name":"Saunaboat Geneve","description":"Bateau sauna sur le lac de Gen\u00e8ve","publisher":{"@id":"https:\/\/saunaboat-geneve.ch\/fr\/#organization"},"potentialAction":[{"@type":"SearchAction","target":{"@type":"EntryPoint","urlTemplate":"https:\/\/saunaboat-geneve.ch\/fr\/?s={search_term_string}"},"query-input":{"@type":"PropertyValueSpecification","valueRequired":true,"valueName":"search_term_string"}}],"inLanguage":"fr-FR"},{"@type":"Organization","@id":"https:\/\/saunaboat-geneve.ch\/fr\/#organization","name":"Saunaboat Geneve","url":"https:\/\/saunaboat-geneve.ch\/fr\/","logo":{"@type":"ImageObject","inLanguage":"fr-FR","@id":"https:\/\/saunaboat-geneve.ch\/fr\/#\/schema\/logo\/image\/","url":"https:\/\/saunaboat-geneve.ch\/wp-content\/uploads\/sites\/4\/2025\/10\/SaunaBoatGeneve-Logo-Blue.svg","contentUrl":"https:\/\/saunaboat-geneve.ch\/wp-content\/uploads\/sites\/4\/2025\/10\/SaunaBoatGeneve-Logo-Blue.svg","width":341,"height":305,"caption":"Saunaboat Geneve"},"image":{"@id":"https:\/\/saunaboat-geneve.ch\/fr\/#\/schema\/logo\/image\/"},"sameAs":["https:\/\/www.instagram.com\/saunaboatgeneve\/"]}]}},"_links":{"self":[{"href":"https:\/\/saunaboat-geneve.ch\/fr\/wp-json\/wp\/v2\/avada_faq\/1435","targetHints":{"allow":["GET"]}}],"collection":[{"href":"https:\/\/saunaboat-geneve.ch\/fr\/wp-json\/wp\/v2\/avada_faq"}],"about":[{"href":"https:\/\/saunaboat-geneve.ch\/fr\/wp-json\/wp\/v2\/types\/avada_faq"}],"author":[{"embeddable":true,"href":"https:\/\/saunaboat-geneve.ch\/fr\/wp-json\/wp\/v2\/users\/2"}],"version-history":[{"count":0,"href":"https:\/\/saunaboat-geneve.ch\/fr\/wp-json\/wp\/v2\/avada_faq\/1435\/revisions"}],"wp:attachment":[{"href":"https:\/\/saunaboat-geneve.ch\/fr\/wp-json\/wp\/v2\/media?parent=1435"}],"wp:term":[{"taxonomy":"faq_category","embeddable":true,"href":"https:\/\/saunaboat-geneve.ch\/fr\/wp-json\/wp\/v2\/faq_category?post=1435"}],"curies":[{"name":"wp","href":"https:\/\/api.w.org\/{rel}","templated":true}]}}

Ma réservation a-t-elle lieu par tous les temps ?

<p><strong>En principe, oui.</strong> Si l&rsquo;avis de tempête est activé, nous ne pouvons pas faire partir les bateaux pour des raisons de sécurité. Si c&rsquo;est le cas, les possibilités suivantes s&rsquo;offrent à vous : </p>
<ul>
<li>Sauna sur le bateau à notre ponton (sans sortie) &#8211; réduction de 30% du montant de la réservation.</li>
<li>Reporter gratuitement la réservation à une nouvelle date.</li>
<li>Annuler la réservation, des frais d&rsquo;annulation minimaux de 30.00 CHF seront alors facturés.</li>
</ul>

<p>En principe, oui. Si l&rsquo;avis de tempête est activé, nous ne pouvons pas faire partir les bateaux pour des raisons de sécurité. Si c&rsquo;est le cas, les possibilités suivantes s&rsquo;offrent à vous : Sauna sur le bateau à notre ponton (sans sortie) &#8211; réduction de 30% du montant de la <a href="https://saunaboat-geneve.ch/fr/faq-items/ma-reservation-a-t-elle-lieu-par-tous-les-temps/"> [&#8230;]</a></p>

<!-- This site is optimized with the Yoast SEO plugin v27.4 - https://yoast.com/product/yoast-seo-wordpress/ -->
<title>Ma réservation a-t-elle lieu par tous les temps ? - Saunaboats Geneve</title>
<meta name="robots" content="index, follow, max-snippet:-1, max-image-preview:large, max-video-preview:-1" />
<link rel="canonical" href="https://saunaboat-geneve.ch/fr/faq-items/ma-reservation-a-t-elle-lieu-par-tous-les-temps/" />
<meta property="og:locale" content="fr_FR" />
<meta property="og:type" content="article" />
<meta property="og:title" content="Ma réservation a-t-elle lieu par tous les temps ? - Saunaboats Geneve" />
<meta property="og:description" content="En principe, oui. Si l&rsquo;avis de tempête est activé, nous ne pouvons pas faire partir les bateaux pour des raisons de sécurité. Si c&rsquo;est le cas, les possibilités suivantes s&rsquo;offrent à vous : Sauna sur le bateau à notre ponton (sans sortie) &#8211; réduction de 30% du montant de la [...]" />
<meta property="og:url" content="https://saunaboat-geneve.ch/fr/faq-items/ma-reservation-a-t-elle-lieu-par-tous-les-temps/" />
<meta property="og:site_name" content="Saunaboats Geneve" />
<meta name="twitter:card" content="summary_large_image" />
<script type="application/ld+json" class="yoast-schema-graph">{"@context":"https:\/\/schema.org","@graph":[{"@type":"WebPage","@id":"https:\/\/saunaboat-geneve.ch\/fr\/faq-items\/ma-reservation-a-t-elle-lieu-par-tous-les-temps\/","url":"https:\/\/saunaboat-geneve.ch\/fr\/faq-items\/ma-reservation-a-t-elle-lieu-par-tous-les-temps\/","name":"Ma réservation a-t-elle lieu par tous les temps ? - Saunaboats Geneve","isPartOf":{"@id":"https:\/\/saunaboat-geneve.ch\/fr\/#website"},"datePublished":"2025-01-27T13:55:18+00:00","breadcrumb":{"@id":"https:\/\/saunaboat-geneve.ch\/fr\/faq-items\/ma-reservation-a-t-elle-lieu-par-tous-les-temps\/#breadcrumb"},"inLanguage":"fr-FR","potentialAction":[{"@type":"ReadAction","target":["https:\/\/saunaboat-geneve.ch\/fr\/faq-items\/ma-reservation-a-t-elle-lieu-par-tous-les-temps\/"]}]},{"@type":"BreadcrumbList","@id":"https:\/\/saunaboat-geneve.ch\/fr\/faq-items\/ma-reservation-a-t-elle-lieu-par-tous-les-temps\/#breadcrumb","itemListElement":[{"@type":"ListItem","position":1,"name":"Startseite","item":"https:\/\/saunaboat-geneve.ch\/fr\/reserver\/"},{"@type":"ListItem","position":2,"name":"F.A.Q.","item":"https:\/\/saunaboat-geneve.ch\/fr\/faq-items\/"},{"@type":"ListItem","position":3,"name":"Ma réservation a-t-elle lieu par tous les temps ?"}]},{"@type":"WebSite","@id":"https:\/\/saunaboat-geneve.ch\/fr\/#website","url":"https:\/\/saunaboat-geneve.ch\/fr\/","name":"Saunaboat Geneve","description":"Bateau sauna sur le lac de Genève","publisher":{"@id":"https:\/\/saunaboat-geneve.ch\/fr\/#organization"},"potentialAction":[{"@type":"SearchAction","target":{"@type":"EntryPoint","urlTemplate":"https:\/\/saunaboat-geneve.ch\/fr\/?s={search_term_string}"},"query-input":{"@type":"PropertyValueSpecification","valueRequired":true,"valueName":"search_term_string"}}],"inLanguage":"fr-FR"},{"@type":"Organization","@id":"https:\/\/saunaboat-geneve.ch\/fr\/#organization","name":"Saunaboat Geneve","url":"https:\/\/saunaboat-geneve.ch\/fr\/","logo":{"@type":"ImageObject","inLanguage":"fr-FR","@id":"https:\/\/saunaboat-geneve.ch\/fr\/#\/schema\/logo\/image\/","url":"https:\/\/saunaboat-geneve.ch\/wp-content\/uploads\/sites\/4\/2025\/10\/SaunaBoatGeneve-Logo-Blue.svg","contentUrl":"https:\/\/saunaboat-geneve.ch\/wp-content\/uploads\/sites\/4\/2025\/10\/SaunaBoatGeneve-Logo-Blue.svg","width":341,"height":305,"caption":"Saunaboat Geneve"},"image":{"@id":"https:\/\/saunaboat-geneve.ch\/fr\/#\/schema\/logo\/image\/"},"sameAs":["https:\/\/www.instagram.com\/saunaboatgeneve\/"]}]}</script>
<!-- / Yoast SEO plugin. -->

Ma réservation a-t-elle lieu par tous les temps ? - Saunaboats Geneve

En principe, oui. Si l&rsquo;avis de tempête est activé, nous ne pouvons pas faire partir les bateaux pour des raisons de sécurité. Si c&rsquo;est le cas, les possibilités suivantes s&rsquo;offrent à vous : Sauna sur le bateau à notre ponton (sans sortie) &#8211; réduction de 30% du montant de la [...]

Bateau sauna sur le lac de Genève
